 4. Suppose 4*b + 8 = -4. Calculate the remainder when y(4) is divided by (b/(-6))/(2/60).
14
Calculate the remainder when (-9)/(-6) + 2550/12 is divided by 22.
16
Calculate the remainder when 159 is divided by 1/2*66 + 8.
36
Suppose -5*b + 3*x + 213 = -0*x, -3*b = 5*x - 121. Let t(n) = -n**3 - 6*n - 4*n**2 + 10*n - n + 5. What is the remainder when b is divided by t(-5)?
12
Suppose -9 + 3 = -2*v. What is the remainder when (-1 - 1)*-1*(2 + 0) is divided by v?
1
Let x(i) = -2*i**3 - 7*i**2 - 2*i + 3. Let m be x(-5). Suppose -5*n + 5*c + 805 = 0, 2*n + 5*c = m + 206. Calculate the remainder when n is divided by 40.
37
Let m = -411 - -420. Calculate the remainder when 43 is divided by m.
7
Suppose -4*r + 2*r = -104. Suppose -206 = 10*b - 386. Calculate the remainder when r is divided by b.
16
Let a(o) = -o**3 + o**2 + 24. Let h be a(0). Suppose -4*n + h = -0. What is the remainder when 20 is divided by n?
2
Let v(k) = 3*k**3 + 19*k**2 - 9*k - 14. Let f(q) = q**3 + 9*q**2 - 5*q - 7. Let u(l) = -5*f(l) + 2*v(l). Calculate the remainder when 38 is divided by u(6).
12
Let v = -7 - -15. Suppose -23*j + 26*j = 120. Let b = -18 + j. Calculate the remainder when b is divided by v.
6
Let a = 332 + -307. Calculate the remainder when 51 is divided by a.
1
Suppose -2*z - 4*f + 444 = 0, 4*z - 87 = 3*f + 823. Calculate the remainder when z is divided by 12.
10
Suppose 0 = -f + 8 + 7. Let p(n) = -6*n**2 - 13*n + 1. Let d be p(-2). Suppose 0 = -d*s - 2*s + f. Calculate the remainder when 6 is divided by s.
0
Let i(d) = d**2 - 9*d + 2. Let m be i(9). Suppose m = u - 2. Let h = -304 + 317. What is the remainder when h is divided by u?
1
Let w = -175 - -179. Let i(v) = v**3 - 5*v**2 + 3*v - 4. Calculate the remainder when i(5) is divided by w.
3
Let i(y) = -2*y + 23. Let v(n) = n - 12. Let x(j) = 6*i(j) + 11*v(j). Suppose m - 15 = -4*m. Calculate the remainder when m is divided by x(5).
0
Suppose -w + 20 = -2. Suppose p - 88 = 5*h, -2*h - 4*p + 0*p = w. Let o = h + 59. What is the remainder when o is divided by 15?
12
Let g(t) = t**3 + 13*t**2 + 28*t - 1. What is the remainder when g(-4) is divided by 13?
5
Let s(m) = 189*m + 191*m - m**3 - 8*m**2 - 372*m + 2*m**3 + 9. Calculate the remainder when 1/((-1)/(-141)*3) is divided by s(7).
15
Suppose 17*o = 63*o - 6302. Calculate the remainder when o is divided by 70.
67
Let a(n) = -3*n + 56. What is the remainder when a(-38) is divided by 37?
22
Suppose -m + 115 = -3*c, -c = 3*m - 71 - 284. Calculate the remainder when m is divided by 36.
10
Let k = -4 - -2. Let w = 365 - 361. What is the remainder when w is divided by (-1 - k)*-2 + 5?
1
Suppose 11*t = 5*t. Suppose -2*x + 2*q + 42 = 0, -4*x - 3*q + 96 + 16 = t. Let y = x - 13. Calculate the remainder when 47 is divided by y.
11
Let w(c) = c**3 + 9*c**2 + 5*c + 24. Calculate the remainder when w(-7) is divided by 30.
27
Let z(u) = -3*u - 45. Let m(i) = -i**3 - 6*i**2 - 2*i + 5. Let c be m(-4). What is the remainder when 55 is divided by z(c)?
7
Suppose -5*b + 55 = 5*x, -49 = -4*b + 7*x - 10*x. Calculate the remainder when (24/18)/(2/66) is divided by b.
12
Let f(k) = 2*k**3 + 11*k**2 + 6*k + 1. Let w be f(-5). Calculate the remainder when 2 - ((-12)/w + -84) is divided by 17.
15
Suppose y = 22 - 10. What is the remainder when 7 is divided by (-9)/y*(34/(-6) - -3)?
1
Suppose -1 = 4*s - 3*o - 0, 5*s = 5*o - 5. Suppose -210 = -2*k + s*q, 6*k - 333 = 3*k - 3*q. What is the remainder when 69 is divided by (4 + -3)*k/6?
15
Let r = -30 - -36. Suppose k - r = 5. What is the remainder when k is divided by 3?
2
Suppose -z = -3*d - 71, 4*z + 0*z - 2*d - 254 = 0. Calculate the remainder when 180 is divided by z.
56
Suppose -40 - 50 = -3*h. Let w = 74 - h. Suppose 5*c + 2*b = -44 + 250, -c + b + w = 0. Calculate the remainder when c is divided by 11.
9
Let l(y) = y - 43*y**2 - 2*y + 7*y**2 + 1. Let f be l(1). Let u = f - -65. What is the remainder when 113 is divided by u?
26
Let k be 40/30*3*1. Let h = 9 - k. What is the remainder when 17 is divided by h?
2
Calculate the remainder when -7*(-14)/441 - 3686/(-18) is divided by 16.
13
Let o be 3/3 + (4 - (-7 + 0)). Suppose o*i - 4*i - 112 = 0. What is the remainder when 27 is divided by i?
13
Suppose 6 - 19 = -l. Calculate the remainder when (3 + 68/(-20))*-90 is divided by l.
10
Let p(y) = y**2 + 34*y + 67. Calculate the remainder when 17 is divided by p(-32).
2
Let m = 258 + -120. Calculate the remainder when m is divided by 41.
15
Let s = -45 + 76. Let k = -14 + s. Suppose 4 + 6 = 2*l. What is the remainder when k is divided by l?
2
Suppose 1153 = 3*p + 2*i, -5*p + 2248 = -2*i + 337. What is the remainder when p is divided by 17?
9
Let u be (-2 + 3)*(1 + 8). Let w = 13 - u. Let z = 2 + w. Calculate the remainder when z is divided by 4.
2
Let z(j) = 4*j**2 - 6*j + 38. What is the remainder when z(6) is divided by 10?
6
Let f(l) be the first derivative of -3*l**2/2 + 101*l - 20. What is the remainder when f(0) is divided by 34?
33
Suppose -535 = j - 598. What is the remainder when 121 is divided by j?
58
Let l be 4 + (-3 - -2) + -1. Suppose 0 = -l*p - 4*p + 372. Calculate the remainder when p is divided by 21.
20
Suppose 33*k - 6298 = -34*k. Calculate the remainder when k is divided by 14.
10
Let o = -1016 - -1030. What is the remainder when 1/(-4) + (-154)/(-8) is divided by o?
5
Let z(c) = c**2 - c - 5. What is the remainder when z(-7) is divided by 51?
0
Suppose 26 = 4*w + n, w + 0*w - 2*n = 11. Suppose -30 + 190 = 5*i. What is the remainder when i is divided by w?
4
What is the remainder when 104 is divided by (1 - -1)*15/120*148?
30
Suppose 0 = -3*x - g - 28, 2*g + 0 = -2. Let b = 27 + x. Calculate the remainder when b is divided by 7.
4
What is the remainder when (28/(-21))/((-28)/18207) is divided by 15?
12
Suppose 618 = 5*o - j - 315, 5*j = 5*o - 925. Suppose o = 3*z + 43. What is the remainder when z is divided by 25?
23
Let p = -26 - -62. What is the remainder when 126 is divided by p?
18
Suppose -2*j = -x - j, 0 = -5*x + 3*j. Suppose x = -7*k + 5*k + 22. Calculate the remainder when k is divided by 3.
2
Let q = 2 + -3. What is the remainder when (90/35*q)/((-1)/7) is divided by 10?
8
What is the remainder when 3/((-45)/24)*(-2345)/14 is divided by 45?
43
Let s = -45 + 76. What is the remainder when s is divided by 16?
15
Let z(k) = -k + 5. Let a be z(3). Suppose -a*f - 41 = -o - f, 2*o - f - 78 = 0. Let g(u) = 13*u**2. What is the remainder when o is divided by g(1)?
11
Suppose -8*b + 40 = -4*b. Let s be (6/(-10))/((-2)/b). Suppose 2*f - 4*k = 0, 2*k + 3 = -s*f + 19. Calculate the remainder when 13 is divided by f.
1
Let y = -490 + 507. Calculate the remainder when 216 is divided by y.
12
Suppose -17*r = 356 - 2175. What is the remainder when 343 is divided by r?
22
Let v be 2*(-1)/((-3)/3). Suppose -v*g + 174 = g. Suppose 0 = 3*k - 21 - 15. What is the remainder when g is divided by k?
10
Let y be 2/4*-2*-1. Let o(c) = -c**2 + c - 1. Let s(r) = 19*r**2 + 2*r - 1. Let m(k) = y*s(k) - 2*o(k). Calculate the remainder when m(-1) is divided by 12.
10
Let r = 117 - 98. Let c(x) = x + 72. Suppose -4*p - 3 = 5, -4 = -4*f + 2*p. What is the remainder when c(f) is divided by r?
15
Let u(d) = -6*d + 1. Let y(n) = -n - 8. Let k be y(-10). Let x be -1*k/8*4. Calculate the remainder when 13 is divided by u(x).
6
Let g = 2284 - 2188. What is the remainder when 670 is divided by g?
94
Let u(l) be the first derivative of -3*l**2/2 - 38*l - 2. Calculate the remainder when 37 is divided by u(-16).
7
Let x(g) = -g**3 - 2*g**2 + 10*g + 23. Let u be x(-7). Suppose -162 + u = v. Suppose 5*d - 52 = 13. Calculate the remainder when v is divided by d.
10
Suppose 0 = -1562*i + 1561*i + 702. What is the remainder when i is divided by 16?
14
Let i(d) = -d**2 - 9*d + 10. Let x(a) = 5*a**3 - a**2 - 3*a - 2. Let j be x(-1). Let r = -117 - -175. What is the remainder when r is divided by i(j)?
28
Let r = 2254 - 2173. What is the remainder when 249 is divided by r?
6
Suppose 0 = -4*r - 4, -2*l + 5*r = -22 - 7. What is the remainder when 45 is divided by l?
9
Let f(z) = -2*z + 23. Let h be 330/(-40) + (1 - (-9)/(-12)). What is the remainder when f(h) is divided by 14?
11
Let x = -46 + 30. Let v = x - -19. Suppose -v*z - 105 = -2*i - 2*i, -3*i - 3*z =